What are the prime factors of 353351024?
2, 13, 23, 233, 317
List the prime factors of 285510748.
2, 647, 110321
What are the prime factors of 354329535?
3, 5, 7, 31, 15551
What are the prime factors of 40448581?
101, 400481
What are the prime factors of 630425132?
2, 271, 581573
What are the prime factors of 178455351?
3, 59485117
What are the prime factors of 569477449?
461, 1235309
What are the prime factors of 3046752616?
2, 43, 281, 733
What are the prime factors of 111669330?
2, 3, 5, 37, 2719
List the prime factors of 795616558.
2, 11, 17, 67, 31751
List the prime factors of 766732852.
2, 269, 401, 1777
What are the prime factors of 867040738?
2, 373, 1162253
List the prime factors of 52871737.
19, 2782723
List the prime factors of 19953783.
3, 246343
What are the prime factors of 262198209?
3, 7, 13, 661, 1453
What are the prime factors of 23664003?
3, 11, 717091
What are the prime factors of 3608044025?
5, 647, 223063
List the prime factors of 8213917.
691, 11887
List the prime factors of 3033115789.
11, 275737799
List the prime factors of 460862605.
5, 7, 17, 43, 18013
What are the prime factors of 264349210?
2, 5, 29, 911549
What are the prime factors of 120156024?
2, 3, 5006501
List the prime factors of 22880716.
2, 619, 9241
List the prime factors of 1376622753.
3, 11, 17, 2453873
List the prime factors of 399926517.
3, 107, 1245877
What are the prime factors of 136037028?
2, 3, 29, 331, 1181
List the prime factors of 30736177.
751, 40927
What are the prime factors of 11406959?
109, 104651
List the prime factors of 146532283.
67, 2187049
What are the prime factors of 1387862827?
13, 487, 219217
What are the prime factors of 30661477?
7, 11, 491, 811
What are the prime factors of 283855176?
2, 3, 11, 89, 4027
List the prime factors of 348256659.
3, 116085553
What are the prime factors of 421862944?
2, 461, 28597
What are the prime factors of 625489489?
47, 2083, 6389
List the prime factors of 447883420.
2, 5, 22394171
List the prime factors of 117469005.
3, 5, 7831267
List the prime factors of 9584822202.
2, 3, 347, 4603661
List the prime factors of 303024911.
7, 43289273
What are the prime factors of 1023901125?
3, 5, 13, 210031
What are the prime factors of 2385653?
2385653
List the prime factors of 2033623221.
3, 7, 1291, 75011
What are the prime factors of 136101700?
2, 5, 7, 194431
List the prime factors of 1903703790.
2, 3, 5, 23, 131, 21061
List the prime factors of 3711141279.
3, 45816559
List the prime factors of 224478486.
2, 3, 47, 241, 367
List the prime factors of 313062258.
2, 3, 52177043
What are the prime factors of 44375629?
197, 225257
What are the prime factors of 47406709?
7, 6772387
List the prime factors of 854518104.
2, 3, 11, 1078937
What are the prime factors of 42947278?
2, 11, 53, 36833
What are the prime factors of 3260021?
3260021
What are the prime factors of 153666756?
2, 3, 19, 271, 829
List the prime factors of 117400487.
17, 19, 23, 15803
What are the prime factors of 1807173669?
3, 7, 1741, 49429
List the prime factors of 9969828.
2, 3, 11, 47, 1607
What are the prime factors of 363325849?
113, 3215273
List the prime factors of 163394180.
2, 5, 31, 211, 1249
List the prime factors of 2852335177.
9173, 310949
What are the prime factors of 26320601?
43, 612107
List the prime factors of 132870274.
2, 66435137
What are the prime factors of 640032438?
2, 3, 37, 449, 6421
List the prime factors of 326371563.
3, 7, 5180501
What are the prime factors of 124517763?
3, 233, 19793
List the prime factors of 1401051143.
1401051143
List the prime factors of 707321190.
2, 3, 5, 43, 439, 1249
List the prime factors of 823157024.
2, 4261, 6037
List the prime factors of 1538737142.
2, 31, 67, 370423
List the prime factors of 2130973.
13, 23, 7127
What are the prime factors of 1263514478?
2, 19, 83, 400607
List the prime factors of 859754793.
3, 29, 9882239
List the prime factors of 35315009.
173, 204133
List the prime factors of 431728122.
2, 3, 7, 227, 6469
What are the prime factors of 27554731?
19, 1450249
List the prime factors of 302817489.
3, 13, 1931, 4021
What are the prime factors of 191579354?
2, 401, 238877
What are the prime factors of 433579582?
2, 19, 61, 187049
What are the prime factors of 705268948?
2, 176317237
List the prime factors of 18580168.
2, 79, 29399
List the prime factors of 314173715.
5, 491, 127973
What are the prime factors of 688573622?
2, 11, 29, 1079269
List the prime factors of 5384264958.
2, 3, 409, 731359
What are the prime factors of 4546217724?
2, 3, 17, 347, 64223
List the prime factors of 289144856.
2, 7, 11, 13, 36107
What are the prime factors of 1239922037?
1239922037
What are the prime factors of 37008580?
2, 5, 7, 19, 13913
List the prime factors of 7383384022.
2, 7, 83, 491, 12941
List the prime factors of 12769397.
17, 751141
What are the prime factors of 5386570075?
5, 31, 37, 5077
What are the prime factors of 269541066?
2, 3, 61, 727, 1013
List the prime factors of 3268414395.
3, 5, 2690053
List the prime factors of 170363225.
5, 1399, 4871
List the prime factors of 4005026.
2, 881, 2273
What are the prime factors of 38390009?
7, 5484287
List the prime factors of 2817451012.
2, 173, 1949, 2089
List the prime factors of 352438840.
2, 5, 13, 677767
What are the prime factors of 51968180?
2, 5, 11, 236219
What are the prime factors of 1842825933?
3, 13, 15750649
What are the prime factors of 336255448?
2, 103, 408077
What are the prime factors of 228257794?
2, 114128897
What are the prime factors of 1487964831?
3, 17, 157, 185833
What are the prime factors of 228773493?
3, 13, 53, 79, 467
What are the prime factors of 26648491?
26648491
What are the prime factors of 304097414?
2, 31, 73, 67189
What are the prime factors of 281303355?
3, 5, 18753557
List the prime factors of 546135531.
3, 3491, 52147
What are the prime factors of 175741106?
2, 7873, 11161
What are the prime factors of 1876158103?
29, 263, 245989
What are the prime factors of 175588381?
47, 3735923
List the prime factors of 30709990.
2, 5, 17, 180647
List the prime factors of 997048609.
997048609
List the prime factors of 123345935.
5, 24669187
List the prime factors of 728093325.
3, 5, 9707911
What are the prime factors of 79427620?
2, 5, 809, 4909
List the prime factors of 99197234.
2, 49598617
What are the prime factors of 174166752?
2, 3, 1814237
What are the prime factors of 133060235?
5, 7, 11, 97, 509
What are the prime factors of 2415224818?
2, 31, 38955239
What are the prime factors of 690541708?
2, 733, 235519
What are the prime factors of 104990112?
2, 3, 107, 3407
List the prime factors of 49403213.
49403213
List the prime factors of 26680872.
2, 3, 1111703
What are the prime factors of 7095816?
2, 3, 7, 13, 19
What are the prime factors of 139171239?
3, 15463471
What are the prime factors of 1839405160?
2, 5, 47, 211, 4637
What are the prime factors of 336480314?
2, 168240157
What are the prime factors of 2604770981?
29, 1031, 87119
What are the prime factors of 673073885?
5, 11, 12237707
What are the prime factors of 72574850?
2, 5, 263, 5519
List the prime factors of 3619617576.
2, 3, 79, 1909081
What are the prime factors of 11847310?
2, 5, 1184731
List the prime factors of 121570076.
2, 103, 295073
List the prime factors of 94765873.
94765873
List the prime factors of 2071369879.
17, 107, 1138741
What are the prime factors of 48671371?
7, 6953053
List the prime factors of 55953315.
3, 5, 11, 41, 919
What are the prime factors of 6483676?
2, 1093, 1483
What are the prime factors of 268658772?
2, 3, 31, 401, 1801
List the prime factors of 2644737.
3, 47, 18757
List the prime factors of 23933410.
2, 5, 29, 82529
List the prime factors of 95019604.
2, 89, 266909
List the prime factors of 28506449.
29, 982981
List the prime factors of 5604546.
2, 3, 229, 4079
What are the prime factors of 1206654269?
34667, 34807
List the prime factors of 96492147.
3, 41, 784489
What are the prime factors of 197591668?
2, 887, 55691
What are the prime factors of 347468668?
2, 86867167
List the prime factors of 3773958301.
37, 101998873
List the prime factors of 298678352.
2, 7, 719, 3709
What are the prime factors of 43400011?
23, 1886957
What are the prime factors of 194075407?
31, 6260497
What are the